ulate the highest common divisor of 270 and b.
30
Suppose 0 = -4519*v + 4518*v + 9982. What is the highest common factor of 92 and v?
46
Let r(q) = -q**3 - 6*q**2 + 15*q - 4. Let t = -31 + 22. Let w be r(t). Calculate the highest common divisor of 8 and w.
8
Suppose 17*n - 251 = n + 37. What is the greatest common divisor of n and 18?
18
Let g = -78 - 43. Let x = g - -295. Calculate the highest common divisor of 58 and x.
58
Let r = -2058 - -2838. Calculate the highest common divisor of r and 480.
60
Let s be 8 + (-15 + 5 - -839). Calculate the highest common divisor of 54 and s.
27
Let c be (9/5)/((-12)/40). Let z be c/(-10) + (-108)/(-20) + 2. Suppose -w + s + 9 = 0, 5*s + z + 5 = -3*w. What is the greatest common factor of 64 and w?
4
Let p be (38 - (-2825)/(-75))/((4/(-2))/(-228)). What is the greatest common factor of p and 8949?
19
Let u(a) = a + 7. Let s be u(-5). Let z be 2*s - (-298)/(14 + -12). What is the highest common factor of z and 204?
51
Let q be 40/60 - -5*(-28)/(-6). Suppose -8*m = 3*w - 6*m - 56, m = 3*w - 44. Calculate the greatest common factor of q and w.
8
Let o = 124 - 70. Suppose 2*q + 37 = x, 0 = 3*x - 0*x - 3*q - 96. What is the highest common factor of x and o?
27
Let a be (-1480)/(-703) - ((-17)/19 + 5 + -4). Calculate the greatest common divisor of 359 and a.
1
Suppose -6*i - 10*i = -112. Let c = 53 - 25. Suppose -5*n = -9*n + c. What is the greatest common factor of i and n?
7
Suppose 15*u = 16*u. Suppose u*a - 11*a = 22. Let l be -1*3 - (a - 21). Calculate the greatest common factor of l and 50.
10
Let m = -42 + 47. Let d(b) = -252 + 0*b**2 + b**2 + 251 - b. Let p be d(m). What is the greatest common divisor of 190 and p?
19
Suppose -4*n - 7 - 37 = -2*y, 2*n + 70 = 4*y. Suppose -20*k = -22*k + 64. What is the highest common divisor of k and y?
16
Suppose 99*c - 254*c = 75*c - 6900. Suppose 3*m = 5*m - 240. Calculate the greatest common factor of m and c.
30
Suppose 18*n - 14*n = -3*a + 29, -42 = -5*n + 2*a. What is the greatest common divisor of n and 808?
8
Let r(l) = l**2 + 5*l - 10. Let f be r(-7). Suppose 5*p + 3*j - 137 = 0, -4*p = -2*j + f*j - 110. What is the greatest common divisor of p and 476?
28
Suppose -8*m + 1385 = -87. Let c(b) = -8*b - 2. Let l be c(-6). What is the greatest common divisor of m and l?
46
Let s(v) = 88*v + 1900. Let b be s(-20). What is the highest common factor of b and 924?
28
Suppose -90*p = -26102 + 2342. What is the greatest common factor of p and 1628?
44
Suppose 33*h - 34*h - 27 = -2*f, 5*f - 113 = -4*h. What is the highest common divisor of f and 125?
1
Let q(k) = 13*k + 70. Let y be q(-3). Suppose -y*l = -19580 - 7297. Calculate the greatest common divisor of l and 17.
17
Let d be (3/((-30)/8))/(20/(-50)). Let p(h) = -h - h + 0 - d*h + 3. Let y be p(-2). Calculate the highest common divisor of 231 and y.
11
Let x(v) = -v**2 + 35*v + 42. Let g be x(36). What is the greatest common divisor of g and 2778?
6
Suppose 965*q - 968*q - 2*r = -1028, 0 = -q - 4*r + 346. What is the greatest common factor of 570 and q?
114
Suppose 362*b = 194*b - 352*b + 128960. Let h(q) = q**3 - 4*q**2 - 2*q - 7. Let o be h(5). Calculate the greatest common divisor of b and o.
8
Suppose 8 = -2*j + c - 11, -3 = -j - 2*c. Suppose 0 = 4*l + 4*z - 220, 5*l - 2*l + 5*z - 163 = 0. Let m = j + l. What is the greatest common factor of m and 7?
7
Suppose 21*z - 685 = 16*z. Let q = 73 - z. Let n = q + 69. What is the greatest common factor of n and 35?
5
Let r(s) = 816*s - 3293. Let v be r(7). Calculate the greatest common factor of v and 118.
59
Let s(i) = 6*i - 23. Let r = -120 + 125. Let y be s(r). Calculate the highest common divisor of 1 and y.
1
Let n = -17277 - -17372. What is the greatest common factor of 57 and n?
19
Let s = 601 + -451. Let v = s + -84. Calculate the highest common factor of v and 44.
22
Suppose -n + 4 + 22 = 0. Suppose -5*h + 2*g = -205, -4*g - 137 = h - 4*h. Let x = 65 - h. Calculate the greatest common factor of n and x.
26
Let r(q) be the third derivative of -q**6/120 + 7*q**5/30 - 5*q**4/6 - 5*q**3/2 - 126*q**2. Let x be r(12). Calculate the highest common divisor of x and 3.
3
Suppose 44*z + 2*l + 832 = 46*z, -5*l = -3*z + 1254. Calculate the highest common factor of 112 and z.
7
Suppose 2*n - 8*k - 196 = 0, 4*k - 278 = -15*n + 12*n. Calculate the highest common divisor of n and 14899.
47
Let j be -2 - (1/(-3) - 48/18). Let u be (6/(5 + j))/(1/5). What is the greatest common factor of 5 and u?
5
Let x(n) = n**2 + 13*n - 135. Let g be x(-43). Suppose -u - g = -1175. Calculate the greatest common divisor of 260 and u.
20
Let x(j) = 194*j - 6010. Let d be x(43). Calculate the greatest common divisor of d and 704.
44
Suppose 2*u = 5*d + 598 - 3407, 4*d = 4*u + 2252. Let p = 978 + d. Calculate the greatest common factor of p and 57.
57
Let i = -585 + 601. Suppose -5*s + 106 = -374. Calculate the greatest common divisor of s and i.
16
Suppose 0 = 248*r - 180*r - 2652. What is the highest common divisor of 1209 and r?
39
Let i(k) = 84*k**2 - 80*k - 80. Let s be i(-1). Calculate the highest common divisor of s and 1806.
42
Suppose -8 = 2*p, -7 - 1 = -u + 3*p. Let y be ((2 + -4)/u)/((-3)/(-42)). Calculate the highest common divisor of y and 2.
1
Let j be 653 + (-4)/(10/(-1) + 6). Let p = -648 + j. Calculate the highest common divisor of 69 and p.
3
Let z be 2/8 - (-20850)/120. Suppose 0 = t - 5 + 3. Suppose 0 = t*o + 5*h - 48, 3*o + h - 3*h - 91 = 0. Calculate the greatest common factor of o and z.
29
Let o(c) = 45*c**2 - 55*c + 303. Let b be o(7). What is the greatest common divisor of 55 and b?
11
Suppose -69*p - 39 = -72*p. Suppose -604 = -8*d + 5*f, -2*d + 5*f + 123 = -p. Calculate the highest common factor of 390 and d.
78
Let v = 23585 - 22406. What is the highest common divisor of 63 and v?
9
Let y be (-17 + 135/27)*(-8)/6. What is the greatest common factor of y and 1336?
8
Let m(r) = 2*r + 996. Let j be m(-113). What is the greatest common factor of 308 and j?
154
Let g be (-1 + 3)/((-3)/(-36)). Suppose -4134 = 4*k - 30*k. Let q = 327 - k. What is the highest common divisor of q and g?
24
Let f be (-2498)/(-25) - 76/(-950). Suppose -4*i - i + 44 = 4*k, 5*i - 45 = -5*k. What is the highest common factor of f and i?
4
Let i = -37204 - -37207. Suppose 5*q + 44 = q. Let k = q + 17. Calculate the greatest common divisor of k and i.
3
Let t(l) = -24 + 21 - 28 - 6 + 21*l. Let d(s) = -31*s + 56. Let o(v) = -5*d(v) - 7*t(v). Let c be o(7). Calculate the highest common factor of 7 and c.
7
Let u(b) = -b**3 + 13*b**2 + 2*b - 16. Let f be -4*(4 + (-9)/2) - -11. Let v be u(f). What is the greatest common divisor of v and 70?
10
Let x be 59 - (-16)/(-4) - -1. Suppose -3*n + 161 = x. Let a = n - 32. What is the highest common divisor of 3 and a?
3
Suppose -54*q = -51*q - w - 2329, -4*q = 3*w - 3088. Calculate the greatest common divisor of 75 and q.
25
Let z be 84*(-6)/(-108)*(-6)/(-2). What is the highest common factor of z and 2758?
14
Suppose -2*h = 9*x - 12*x - 5, 0 = -4*x + 12. Let i = h + 3. Let s be -3*i/(-15)*2. Calculate the highest common divisor of 76 and s.
4
Let f(d) = -329*d - 12. Let i(j) = -28 - 263*j - 230*j + 10. Let n(g) = 8*f(g) - 5*i(g). Let r be n(-2). Calculate the highest common factor of 41 and r.
41
Let v be (-31)/(22/(-10) + 2). Let b = -284 + 445. Let q = b - v. What is the highest common divisor of 6 and q?
6
Let a = -5865 - -5913. What is the highest common factor of a and 2016?
48
Let h(f) = -1 - f**2 - f - 5*f - 2*f + 2*f. Let j be h(-7). Let y be j*(0 + 44/(-16)). What is the highest common divisor of y and 88?
22
Let x = 4890 + -4846. What is the greatest common factor of x and 297?
11
Suppose -3*o = -k - 120, 2*k - 5*k = o - 50. Let t = 46 - o. Suppose -t*n = -6*n + 14. Calculate the highest common factor of 28 and n.
14
Let r = -148 + 151. Suppose 5*w = -5*z + 190, 117 = 6*w - r*w + 4*z. Let q be 75/10 - (-3)/(-6). Calculate the highest common factor of w and q.
7
Suppose 3*f = -15, 3*f + 46 = 4*i + f. Let y(l) = 7 + l**2 - 15*l + i - 57. Let r be y(18). Calculate the highest common divisor of 169 and r.
13
Suppose 0 = -6*b - 36 + 6. Let n be (b - 0) + 44 + 1. Let d be (-84)/15*(-51 - -1). What is the highest common divisor of d and n?
40
Let h = -6 -